
In base 11, what is 5490 - -1?
5491
In base 13, what is -19 - -1922?
1906
In base 11, what is -266 - -13?
-253
In base 11, what is -1 + 626?
625
In base 8, what is 31170 - 0?
31170
In base 3, what is -11020 + 12102112?
12021022
In base 10, what is 1 + 5571?
5572
In base 15, what is 14 - -2cb?
2e0
In base 4, what is -303 + 3132030?
3131121
In base 5, what is 3 - 2143014?
-2143011
In base 8, what is -1131 + -35?
-1166
In base 11, what is -467640 + -1?
-467641
In base 11, what is -1945 - 464?
-22a9
In base 11, what is -79818 + -2?
-7981a
In base 16, what is 3e8e - 18?
3e76
In base 9, what is -11451155 - 3?
-11451158
In base 6, what is -454511 + 0?
-454511
In base 10, what is 1 - -1410128?
1410129
In base 13, what is 1 + -17a462?
-17a461
In base 10, what is -22580 - -49?
-22531
In base 13, what is -347 + 6c6?
37c
In base 15, what is -4 - -35c8?
35c4
In base 13, what is 36bb - 9?
36b2
In base 11, what is 160772 - 4?
160769
In base 6, what is -131120 - 35?
-131155
In base 7, what is 1 + -31504?
-31503
In base 7, what is 1 - 42653?
-42652
In base 11, what is -69069 - -3?
-69066
In base 7, what is 10336451 - 3?
10336445
In base 11, what is 7 - -61107?
61113
In base 2, what is 110101100 + 1010001?
111111101
In base 6, what is -353 - 2031?
-2424
In base 16, what is -2 + -1ad8?
-1ada
In base 12, what is 1 + 8baaa?
8baab
In base 14, what is 5558b + -4?
55587
In base 11, what is -1331 - -a?
-1322
In base 5, what is 1 - -214023?
214024
In base 11, what is 79 + -407?
-339
In base 4, what is 2122233002 + -2?
2122233000
In base 2, what is 1111 + -100011111110111101?
-100011111110101110
In base 3, what is 21221010222 + -11?
21221010211
In base 9, what is 53 - -45465?
45528
In base 15, what is 3 + -13b16?
-13b13
In base 10, what is -4412 + -7?
-4419
In base 16, what is 7bc - -8?
7c4
In base 16, what is 63 + -1ba1?
-1b3e
In base 5, what is 42 - -3324?
3421
In base 14, what is -1792 - -17?
-1779
In base 9, what is 833644 + 0?
833644
In base 11, what is 16953 - -1a?
16972
In base 3, what is -101012010 - 200?
-101012210
In base 16, what is 5 + -e636?
-e631
In base 16, what is 99 + 987?
a20
In base 9, what is -27 - 12025?
-12053
In base 6, what is 4304013 + -5?
4304004
In base 12, what is -8 + ab139?
ab131
In base 12, what is b7 + -15b?
-64
In base 4, what is 133 - -21330?
22123
In base 12, what is 683 + 140?
803
In base 5, what is -12 + -1401111?
-1401123
In base 10, what is -9004 - -68?
-8936
In base 14, what is -7920 + 0?
-7920
In base 15, what is -39 + -52?
-8b
In base 15, what is -5cd + 47?
-586
In base 8, what is -1 - -135521?
135520
In base 10, what is -29077 - -1?
-29076
In base 4, what is 2121213322 + 10?
2121213332
In base 12, what is 1b43 + -489?
1676
In base 6, what is 2 + 303505?
303511
In base 13, what is 2 + b686b?
b6870
In base 12, what is -89b5 - a?
-8a03
In base 6, what is -432153 + 13?
-432140
In base 9, what is 284 + 2282?
2576
In base 6, what is 1240 + 155?
1435
In base 2, what is 10 + 100010111110110000?
100010111110110010
In base 8, what is -2241 + -50?
-2311
In base 13, what is 1c - 38b6?
-3897
In base 13, what is b + -12661?
-12653
In base 15, what is -370e5 - -3?
-370e2
In base 2, what is -1011111000000 - 0?
-1011111000000
In base 6, what is -22 + 151133?
151111
In base 2, what is 0 - -110000100101100000001?
110000100101100000001
In base 4, what is -3230003230 + -10?
-3230003300
In base 12, what is -33286 + -6?
-33290
In base 9, what is 48 + 1524?
1573
In base 14, what is 299 + -799?
-500
In base 12, what is 11 - 25a63?
-25a52
In base 2, what is 11011110111010010 - -11?
11011110111010101
In base 7, what is -5 + -456256?
-456264
In base 2, what is 10 - 10001101101001011?
-10001101101001001
In base 8, what is -25 - 160453?
-160500
In base 10, what is -77 - 29670?
-29747
In base 2, what is -11000101 - 1000101010101?
-1001000011010
In base 11, what is 262 + 661?
913
In base 15, what is 1a - -572c?
5747
In base 8, what is 1 + 34435?
34436
In base 3, what is -12120011102 - -10?
-12120011022
In base 4, what is 21302300 + -1?
21302233
In base 2, what is -100 + -1001111010010?
-1001111010110
In base 11, what is 43a3 + -11?
4392
In base 9, what is -412715 - 4?
-412720
In base 16, what is -e - -14867?
14859
In base 13, what is -130432 - 1?
-130433
In base 12, what is -1 + b1628?
b1627
In base 6, what is 0 + 21333320?
21333320
In base 15, what is 23813 + 5?
23818
In base 8, what is 2306 + 17?
2325
In base 14, what is -4984 - -4?
-4980
In base 4, what is -31 + -121221030?
-121221121
In base 9, what is -2602 + -45?
-2647
In base 9, what is -2264 - 534?
-2808
In base 14, what is 7566 - -50?
75b6
In base 11, what is -2718843 - -3?
-2718840
In base 13, what is 5 + -3aaaa?
-3aaa5
In base 12, what is -37 - -452?
417
In base 3, what is -20 + 211222222000?
211222221210
In base 9, what is 12726 - -174?
13011
In base 6, what is 2 - 402434?
-402432
In base 11, what is -6 - 16a61?
-16a67
In base 4, what is -2033 - 130001?
-132100
In base 13, what is 1830 + 16?
1846
In base 7, what is -16 - -362453?
362434
In base 11, what is 14 + -536a?
-5356
In base 13, what is -12 - -a926b?
a9259
In base 8, what is -34 - 4201?
-4235
In base 6, what is -1521040 + -34?
-1521114
In base 2, what is -10110101100011 - 1101000?
-10110111001011
In base 14, what is -3c3c + 18?
-3c24
In base 10, what is -404800 - -1?
-404799
In base 12, what is -38668 - -3?
-38665
In base 13, what is 2 + -41c41?
-41c3c
In base 4, what is 3 - -1112010?
1112013
In base 7, what is -12 - -12030?
12015
In base 3, what is 211 + -121201111?
-121200200
In base 2, what is 1011111011 - 1111101010?
-11101111
In base 3, what is 10 + 10221110110?
10221110120
In base 13, what is -41 + 4cb?
48a
In base 14, what is -15b + -75c?
-8b9
In base 2, what is 0 - 101110010010111?
-101110010010111
In base 3, what is 22112 + 11002022?
11101211
In base 4, what is 102 + 101332?
102100
In base 2, what is 10101000001111111 + -111?
10101000001111000
In base 6, what is 5351034 + 5?
5351043
In base 2, what is -10 - -101100111101?
101100111011
In base 10, what is -1068126 + 5?
-1068121
In base 10, what is 15177 + 9?
15186
In base 8, what is -276547 + -6?
-276555
In base 2, what is 10 + -1011000000111110110?
-1011000000111110100
In base 15, what is -4 - 16da?
-16de
In base 5, what is -434 + -1301202?
-1302141
In base 4, what is 203111210 - 2?
203111202
In base 8, what is -24050 + -166?
-24236
In base 10, what is -1884 + 694?
-1190
In base 16, what is 46 - 494?
-44e
In base 15, what is 3936 - 6?
3930
In base 10, what is 3 + -109584?
-109581
In base 4, what is 212110231 - 0?
212110231
In base 15, what is -1949 - 5?
-194e
In base 3, what is -110200 + 100?
-110100
In base 16, what is 2043 - 247?
1dfc
In base 10, what is -739 + 833?
94
In base 13, what is -7 + 9bb3?
9ba9
In base 13, what is -9b7 + -88?
-a72
In base 8, what is -71147 - -5?
-71142
In base 7, what is 320503 - 1?
320502
In base 3, what is 2011012122 + 2?
2011012201
In base 11, what is -9 - 14848?
-14856
In base 13, what is 24 - -13c78?
13c9c
In base 13, what is a85a2 + 1?
a85a3
In base 16, what is -f9 + 108?
f
In base 5, what is 134042433 + -1?
134042432
In base 2, what is 1110 - 1011001010110001?
-1011001010100011
In base 15, what is -1c9 - 42d?
-607
In base 5, what is -1 + -242242?
-242243
In base 2, what is -1 + 1111011111001110010?
1111011111001110001
In base 14, what is -14836 + -11?
-14847
In base 5, what is -1041100132 + 4?
-1041100123
In base 12, what is -12 + 763?
751
In base 14, what is 59 + 7c5?
840
In base 3, what is 11102000222 - -2?
11102001001
In base 14, what is -1547 + -17?
-1560
In base 11, what is -350a + 462?
-3058
In base 10, what is 1050 + 7?
1057
In base 11, what is -2 + -38a0?
-38a2
In base 3, what is -10 + 2021201220?
2021201210
In base 12, what is 6b6a5 - 5?
6b6a0
In base 2, what is 100111 + 11101101011?
11110010010
In base 9, what is 4 - 7550?
-7545
In base 14, what is 1a02 - -119?
1b1b
In base 16, what is a07 - a6?
961
In base 14, what is 23 + -1d2ad?
-1d28a
In base 11, what is 14 + 13709?
13722
In base 13, what is -150 - -1bc0?
1a70
In base 7, what is 553043 - 6?
553034
In base 8, what is -1 - 443743?
-443744
In base 2, what is -10111 - 10010000?
-10100111
In base 4, what is 11113101 + 3333?
11123100
In base 2, what is 1000101110010100 - 100?
100010